1)?
3
Let v(w) = -5*w - 77. Determine v(-16).
3
Let s(z) = z**2 + 17*z + 69. Calculate s(-10).
-1
Let t(k) = -k**3 - 6*k**2 + 28*k + 79. Determine t(-8).
-17
Let x(w) = -142*w + 716. Determine x(5).
6
Let a(j) = 2*j**2 - 8*j + 5. Determine a(4).
5
Let m(k) = -k**2 + 12*k - 36. Give m(8).
-4
Let m(f) = -2*f + 20. What is m(10)?
0
Let q(d) = -d + 80. What is q(0)?
80
Let r(u) = -u + 1. Determine r(-3).
4
Let f(c) = -c - 1. What is f(-1)?
0
Let k(q) = q**3 - q**2 - 2*q - 2. Determine k(3).
10
Let z(d) = 2*d**3 + 4*d**2 - 7*d - 5. Give z(-4).
-41
Let g(t) = -3*t - 2. Determine g(-1).
1
Let v(k) = -k**3 + k**2 - k + 5. Determine v(3).
-16
Let j(h) = -h + 6. What is j(0)?
6
Let h(o) = -3*o**3 - 1. Calculate h(1).
-4
Let c(j) = -j**3 + 10*j**2 + 5*j - 15. Give c(11).
-81
Let w(k) = 3*k - 8. What is w(12)?
28
Let c(l) = 34*l**2 - 5*l - 4. What is c(-1)?
35
Let o(m) = 2*m**2 + 6*m + 4. What is o(-2)?
0
Let n(v) = 4*v**2 - 47*v + 32. What is n(11)?
-1
Let q(h) = -h + 8. Calculate q(11).
-3
Let r(s) = -s - 2. What is r(8)?
-10
Let h(u) = u**2 + 10*u + 5. What is h(-12)?
29
Let d(y) = -6*y**2 + y + 2. Give d(1).
-3
Let z(u) = 2*u**2 + 45*u - 15. Determine z(-23).
8
Let t(a) = -15*a**2 + 209*a + 9. Calculate t(14).
-5
Let y(a) = -6*a - 4. Give y(1).
-10
Let j(w) = -w**3 - 16*w**2 - 71*w - 595. Calculate j(-14).
7
Let v(o) = 4*o - 75. Give v(12).
-27
Let g(d) = -d**2 + 15*d - 2. Give g(16).
-18
Let c(g) = -g**2 + 21*g + 1. Give c(21).
1
Let r(t) = -t**3 - 37*t**2 + 3*t + 114. Calculate r(-37).
3
Let b(r) = -3*r + 19. Give b(8).
-5
Let i(o) = o**3 + 15*o**2 - 15*o - 49. Determine i(-15).
176
Let r(u) = -u**3 - 17*u**2 + 23*u + 22. Give r(-18).
-68
Let t(f) = f**2 - 6*f + 6. Calculate t(7).
13
Let s(q) = -2*q**3 + q - 1. Determine s(1).
-2
Let c(p) = -2*p**2 - 16*p + 13. What is c(-9)?
-5
Let f(c) = -2*c**3 + 14*c**2 - 14*c + 13. Calculate f(6).
1
Let t(x) = 2*x + 11. What is t(-3)?
5
Let y(r) = r + 12. Calculate y(-7).
5
Let h(v) = -v**2 - 10*v + 14. Calculate h(-11).
3
Let r(u) = 3*u**2 + 40*u - 32. Determine r(-14).
-4
Let a(z) = -54*z + 6. Determine a(1).
-48
Let g(r) = r**2 + 26*r + 172. What is g(-15)?
7
Let x(o) = 2*o**2 + 4*o - 42. Calculate x(7).
84
Let k(b) = 29*b + 171. Give k(-6).
-3
Let d(v) = 3*v**3 + 2*v**2 + 2*v - 2. What is d(1)?
5
Let j(s) = 2*s**2 + 16*s + 32. Calculate j(-4).
0
Let p(i) = i**3 + 14*i**2 + 4. Calculate p(-14).
4
Let f(q) = -13*q - 119. Give f(-7).
-28
Let v(s) = -3*s - 33. Give v(-10).
-3
Let x(f) = f**3 + 15*f**2 + 20*f + 65. Calculate x(-14).
-19
Let a(p) = -2*p**3 - 47*p**2 - 25*p - 49. What is a(-23)?
-3
Let p(q) = 2*q**2 - 22*q - 9. Calculate p(11).
-9
Let j(w) = -3*w**2 + w + 7. Give j(2).
-3
Let p(h) = 2*h**2 - 5*h - 8. Determine p(6).
34
Let h(p) = -p**2 + 30*p - 19. Give h(29).
10
Let r(f) = 17*f + 3. Calculate r(1).
20
Let c(z) = z + 17. What is c(0)?
17
Let f(i) = -i**2 + 7*i - 6. Calculate f(4).
6
Let v(h) = h - 4. What is v(7)?
3
Let m(r) = 18*r + 35. Give m(-3).
-19
Let n(p) = -45*p + 358. Determine n(8).
-2
Let b(y) = y**2 - 20*y + 78. Give b(14).
-6
Let s(a) = -a**3 + 10*a**2 - 3*a - 16. Give s(6).
110
Let q(v) = v**2 + 7*v + 7. Calculate q(-5).
-3
Let b(l) = -l**3 - 13*l**2 - 15*l - 44. Calculate b(-12).
-8
Let o(k) = -3*k - 1. What is o(-7)?
20
Let k(h) = h**2 - 3*h - 6. Give k(4).
-2
Let x(j) = -j**3 - 9*j**2 + 10*j - 14. Give x(-10).
-14
Let h(z) = 7*z - 26. Give h(5).
9
Let u(p) = 30*p**2 - p - 1. Determine u(2).
117
Let k(p) = 3*p - 58. What is k(20)?
2
Let w(v) = -v - 33. Give w(-33).
0
Let o(h) = -2*h - 36. Give o(-17).
-2
Let r(j) = 152*j + 6. Determine r(-1).
-146
Let q(z) = -27*z + 1. Give q(1).
-26
Let i(w) = -w**3 - 3*w**2 - w - 3. What is i(-4)?
17
Let s(f) = 2*f**2 - 31*f + 90. Give s(11).
-9
Let l(g) = 25*g + 1. Calculate l(-1).
-24
Let c(i) = i**2 - 7*i + 7. Determine c(7).
7
Let y(z) = -z**3 - 24*z**2 - 27*z - 90. What is y(-23)?
2
Let h(o) = 9*o**2 - 2*o. Calculate h(1).
7
Let n(r) = 4*r + 4. What is n(8)?
36
Let b(s) = -2*s + 49. Determine b(21).
7
Let s(c) = c**3 - 25*c**2 + 4*c - 89. What is s(25)?
11
Let x(j) = -j. Calculate x(8).
-8
Let r(h) = -h**3 + 13*h**2 - 2*h + 12. Give r(13).
-14
Let g(x) = -x**3 - 2*x**2 - x + 2. What is g(3)?
-46
Let j(f) = -26*f + 85. Calculate j(3).
7
Let t(a) = -a**2 - a + 52. Determine t(0).
52
Let v(m) = -71*m + 511. Give v(7).
14
Let o(t) = -t**2 + 9*t - 19. What is o(3)?
-1
Let r(s) = s**2 - 50*s + 2. Determine r(50).
2
Let q(p) = -p**3 + 25*p**2 - 4*p + 105. What is q(25)?
5
Let d(v) = 2*v**2 + 2*v - 5. Calculate d(-5).
35
Let t(p) = -10*p**2 + 6*p + 5. Calculate t(-1).
-11
Let o(k) = -2*k**2 + k + 33. Determine o(0).
33
Let w(u) = 21*u. What is w(3)?
63
Let f(p) = p**2 + 24*p + 37. What is f(-22)?
-7
Let v(w) = w**2 + 17*w + 53. Give v(-9).
-19
Let u(c) = 8*c + 35. Determine u(-5).
-5
Let f(c) = 3*c**3 - 7*c**2 + 3*c. Determine f(3).
27
Let d(t) = t**3 + 4*t**2 - 2*t + 6. Give d(-6).
-54
Let f(b) = -b - 6. Calculate f(0).
-6
Let v(j) = j**3 + 3*j**2 - 9*j - 8. Give v(-5).
-13
Let m(k) = -k**3 + 8*k**2 - 18*k + 41. Give m(6).
5
Let j(w) = 21*w + 220. What is j(-11)?
-11
Let t(g) = g**3 + 5*g**2 - 3*g - 1. Give t(-5).
14
Let j(z) = z**2 + 37*z + 109. Calculate j(-33).
-23
Let m(r) = r + 19. Determine m(-16).
3
Let q(y) = 2*y**2 + 11*y - 27. Give q(-7).
-6
Let a(g) = -g**3 + 2*g**2 + 7. Calculate a(3).
-2
Let y(i) = -16*i + 54. Calculate y(3).
6
Let f(v) = v**2 - 20*v + 74. What is f(6)?
-10
Let f(p) = -p - 12. Determine f(-7).
-5
Let n(b) = 3*b**3 + 3*b**2 - 3*b - 1. Calculate n(1).
2
Let z(j) = -3*j - 17. What is z(-10)?
13
Let n(b) = -b**3 - 14*b**2 - 14*b - 9. Calculate n(-13).
4
Let m(w) = -w**3 + 6*w**2 - 3*w + 7. Give m(5).
17
Let o(v) = v**3 + 10*v**2 + 9*v + 2. Give o(-9).
2
Let m(u) = 5*u**2 + 49*u + 1. Determine m(-10).
11
Let n(a) = -a**2 + 49*a - 560. What is n(31)?
-2
Let j(x) = 3*x - 9. Determine j(6).
9
Let i(k) = k - 9. Give i(18).
9
Let u(m) = -m + 13. Determine u(6).
7
Let w(d) = -d**3 + 4*d**2 - 8*d + 12. Give w(5).
-53
Let b(u) = u**3 + 9*u**2 + 10*u + 7. Determine b(-8).
-9
Let v(j) = -2*j - 10. Determine v(7).
-24
Let q(b) = -8*b**2 - 6*b - 9. Give q(-2).
-29
Let l(n) = 18*n + 84. Give l(-7).
-42
Let p(a) = a**3 - 2*a**2 + 3*a + 3. What is p(-2)?
-19
Let z(l) = -l**3 + l**2 + l + 7. What is z(-3)?
40
Let c(d) = -2*d + 9. Determine c(9).
-9
Let v(f) = f**3 - 17*f**2 - 271*f. Determine v(-10).
10
Let d(q) = -15*q**2 - 2*q - 1. Calculate d(-1).
-14
Let k(p) = p - 3. Determine k(13).
10
Let b(f) = 2*f - 14. Give b(8).
2
Let b(n) = -n - 8. Determine b(-6).
-2
Let p(z) = 8*z + 2. Calculate p(-2).
-14
Let a(n) = -n - 1. Calculate a(9).
-10
Let d(z) = z**2 + 85*z - 447. Give d(5).
3
Let c(i) = 3*i + 23. Calculate c(-5).
8
Let g(y) = y**3 - y - 14. Give g(0).
-14
Let d(s) = -5*s**2 - s + 1. Calculate d(-1).
-3
Let f(w) = -9*w - 7. Give f(-4).
29
Let z(x) = 2*x - 8. Calculate z(6).
4
Let s(i) = i**2 - 5*i - 18. Calculate s(10).
32
Let w(t) = 13*t. What is w(-3)?
-39
Let u(q) = 3*q - 8. Determine u(9).
19
Let t(b) = 82*b + 64. Give t(-1).
-18
Let m(z) = z**2 + 59*z + 216. What is m(-55)?
-4
Let r(m) = -m**2 + m - 4. What is r(3)?
-10
Let q(p) = p**3 + 15*p**2 - 15*p + 23. Calculate q(-16).
7
Let v(w) = 13*w + 15. Calculate v(-5).
-50
Let u(w) = w**3 - 3*w**2 - 7*w + 9. Calculate u(4).
-3
Let x(w) = -2*w**2 + w + 1. Determine x(3).
-14
Let a(i) = -3*i - 20. Give a(-6).
-2
Let g(c) = 2*c**2 + 27*c + 19. Give g(-13).
6
Let y(h) = -2*h**2 - 10. Determine y(0).
-10
Let z(b) = -b**2 - 3*b + 85. Calculate z(9).
-23
Let z(w) = -w**3 - 5*w**2 + 9*w + 2. Give z(-7).
37
Let r(y) = y**3 + 4*y**2 - 3*y - 14. Determine r(-4).
-2
Let t(m) = m + 1. What is t(-13)?
-12
Let y(w) = w**3 - 5*w**2 + w - 8. Give y(6).
34
Let j(m) = -m**3 - 9*m**2 - 3*m - 26. Determine j(-9).
1
Let d(s) = -5*s + 17. Calculate d(7).
-18
Let d(m) = 19*m - 4. Calculate d(3).
53
Let l(m) = -12*m - 33. Determine l(-4).
15
Let t(m) = m**2 + 12*m - 91. Determine t(-18).
17
Let a(b) = 3*b**2 + 12*b - 7. Give a(-6).
29
Let j(c) = c - 1. What is j(5)?
4
Let d(y) = 2*y + 15. Determine d(-5).
5
Let o(f) = -f**3 - f**2 - f - 2. Determine o(0).
-2
Let d(t) = 2*t - 10. Determine d(0).
-10
Let l(z) = -z**3 + 14*z**2 + 9*z + 90. What is l(15)?
0
Let s(w) = -w**2 - 13*w + 27. Determine s(-14).